-342, 0 = 4*t + 4*q + q - 291. Let h = -68 + t. What is the remainder when 26 is divided by (0 - h)*4/((-16)/60)?
11
Suppose -5*u + 148 = 188. Let j = u + 14. What is the remainder when 15 is divided by j?
3
Suppose 6*l - 36 = -0*l. Suppose x = -l*x + 35. Suppose -2*s - 3*v = -56, -s + x*s - 3*v - 112 = 0. Calculate the remainder when s is divided by 11.
6
Let n be (-25716)/54 - (-2)/9. Let v = n + 492. Calculate the remainder when 22 is divided by v.
6
Let z(u) = -224*u - 753. What is the remainder when 1078 is divided by z(-4)?
77
Let d(g) = 2*g**2 - g - 6. Let f(a) = -a**2 + 2176*a + 15. Calculate the remainder when d(-6) is divided by f(0).
12
Suppose 623 = 9*b + 56. What is the remainder when 488 is divided by b?
47
Calculate the remainder when (9 - 1077/5)/((-42)/140) is divided by 30.
28
Let i be (-53 - -4)/(4/(-8)). Suppose 0 = -w - s + 44, -2*w = 3*s - 6*s - i. Suppose m + 3 = 15. Calculate the remainder when w is divided by m.
10
Let j(w) = -w**3 + 9*w**2 + 28*w + 111. Let s(i) = 3*i**3 - 2*i - 1. Suppose 6 = 2*c - 0*c. What is the remainder when s(c) is divided by j(12)?
14
Suppose -7*o - 127 = -204. Suppose 0 = -o*d + 12*d - 195. What is the remainder when d is divided by 14?
13
Let n(y) = 10*y**2 + 231*y - 195. Let z be 3/(-6) + 15/2. Let w(q) = 16*q - 8. What is the remainder when w(z) is divided by n(-24)?
20
Let u = 20399 + -20323. Calculate the remainder when u is divided by 23 + (-2)/(-2)*-2.
13
Let t = 410 + -1250. Let y = 953 + t. What is the remainder when y is divided by 18?
5
Let n be (4 - (-128)/(-20))*(-3 - 2). Suppose -v + 5*v - n = 0. Suppose 0 = v*p, -8 = -c - 4*p + 5. What is the remainder when 63 is divided by c?
11
Let t = -972 - -1401. Let r = -692 - -764. Calculate the remainder when t is divided by r.
69
Suppose -2 = u - 2*p, 5*p - 15 = 2*u + 3*u. Let g be -2*((u - -1) + 2). Suppose 0*j + 60 = g*j. What is the remainder when 117 is divided by j?
27
Let r be (-12)/3 + 7 - 0. Suppose -r*o - 5 = -8*o. Let t(q) = -2*q + 40. What is the remainder when t(18) is divided by o?
0
Let r = -1011 - -1693. Calculate the remainder when r is divided by 30.
22
Suppose -7*g - 1804 = -63*g - 26*g. What is the remainder when 1074 is divided by g?
18
Let f(y) = y**3 + 6*y**2 - 2*y - 28. Let j be f(-5). Suppose j*w = 13*w - 78. Calculate the remainder when 29 is divided by w.
3
Let z(t) = 4*t**2 + 18*t - 13. Let y(b) = -23*b + 19. What is the remainder when y(-4) is divided by z(2)?
33
Let h(n) = 25 - 3*n + 2*n + 0*n - 2*n. Suppose -2*i = -18 + 6. Calculate the remainder when 25 is divided by h(i).
4
Let d = 37 - -6. Let w = 3178 - 3032. Calculate the remainder when w is divided by d.
17
Suppose -22*k = 33*k - 10835. Suppose -4*r + 21 = -59. Calculate the remainder when k is divided by r.
17
Suppose -25 + 139 = 3*l + 3*s, -4*l = -4*s - 152. Let y = l - 33. Suppose -2*d + y*c + 67 = d, 44 = 2*d - 3*c. What is the remainder when 73 is divided by d?
16
Calculate the remainder when -2*(1 - 48/45) - 2353/(-15) is divided by 130.
27
Suppose 0 = 5*n - 25, 0 = 5*f - 3*n + 62 - 47. Suppose 0 = 5*h - 45*g + 41*g - 246, f = 5*h - g - 234. What is the remainder when 137 is divided by h?
45
Let n be (-75)/(-18) - ((-145)/30 - -5). Suppose c = n*g - 47, 43*g + 13 = 45*g + 3*c. Calculate the remainder when 61 is divided by g.
6
Let x be -1 - (3/12 + 292/(-16)). Suppose g = -20*k + x*k + 62, 0 = k + 2*g - 29. What is the remainder when 47 is divided by k?
9
Let q be (-12)/102 + (-1536)/(-51). Suppose -33*w + 219 = -q*w. What is the remainder when w is divided by 63?
10
Calculate the remainder when (-2 - 0)/2*24100/(-50) is divided by 131.
89
Suppose 0 = -2*z + 4*r + 56, z = -2*r + r + 13. Suppose -2*j - z = -68. Let d = 145 - -4. Calculate the remainder when d is divided by j.
24
Let d be (1 - -16) + 5*(4 - 5). Calculate the remainder when 156 is divided by (27/4)/(27/d + -2).
21
Let k(s) = s**3 - 21*s**2 + 8*s - 51. Let q be k(21). Suppose 3*f - 564 = q. Suppose -10*c + 1087 = f. Calculate the remainder when c is divided by 29.
28
Suppose 0 = 8*w - 64 - 56. Suppose -8080 = 135*k - 151*k. Calculate the remainder when k is divided by w.
10
Calculate the remainder when 200 is divided by -16 + -8*(3 + -13).
8
Let w(p) = 6*p**3 + 2*p**2 + p + 1. Let y = 53115 - 53085. What is the remainder when w(2) is divided by y?
29
Let k = 5261 + -5243. Calculate the remainder when 665 is divided by k.
17
Let y be (-5)/(-3) - 2/(-6). Suppose 5*k = -3*d + 14, -d - 1 = -2*k - y. Calculate the remainder when 19 is divided by (22/6)/(d + (-8)/3).
8
Suppose -5*r = -2*o - 4*r + 33, -r + 63 = 4*o. What is the remainder when 39 is divided by o/48 + 23/3?
7
Suppose -1124*c + 84158 = -257538. Let n = 180 + -101. Calculate the remainder when c is divided by n.
67
Suppose 0 = -1694*i + 1631*i + 1953. Calculate the remainder when 223 is divided by i.
6
Suppose -4*r - y = -1605 - 888, r - 612 = 2*y. Let t = 141 + -133. What is the remainder when r is divided by t?
6
Let d(p) = -p + 29. Let z(w) = -w**2 + 15*w + 27. Let v(l) = -l + 24. Let y be v(8). Let b be z(y). What is the remainder when 89 is divided by d(b)?
17
Suppose -4*m + 57*p = 54*p - 3542, -5*p = 10. What is the remainder when m is divided by 127?
122
Let f(i) = i + 7*i**2 - 2*i + 0*i**2 - 11 - 6*i**2 + 32. Let r = 0 - 9. What is the remainder when f(r) is divided by 19?
16
Suppose -2*v + 427 - 79 = 3*p, 2*v - 6 = 0. Let b(d) = -31*d - 182. Calculate the remainder when p is divided by b(-7).
9
Suppose x + 2*x - 24 = 0. Let o = 1679 - 1598. Suppose x*w - o = 7. What is the remainder when 32 is divided by w?
10
Suppose 11*t = 8*t, 5*t + 4 = 2*g. Suppose 5*r + 43 + 15 = 4*s, -5*s + 56 = g*r. Calculate the remainder when (-6)/((-3)/(243/6)) is divided by s.
9
Let k(s) = 3*s**2 - 10*s - 2. Let m(j) = j**2 - j. Let p(f) = -k(f) + 2*m(f). Let t = -97 + 131. Calculate the remainder when t is divided by p(7).
7
Let p = 31 + -33. Let h = p - -3. Calculate the remainder when 33 is divided by (h/1)/(2/34).
16
Suppose 10*o = -945 + 3585. What is the remainder when o is divided by 52?
4
Let v be (0 - -1)/((-32)/384). Calculate the remainder when (-2 + 15/(-6))/(v/400) is divided by 39.
33
Let d(v) = 26*v**2 - 201*v + 400. What is the remainder when d(2) is divided by 25?
2
Suppose 10*r + 4*u + 666 = 17*r, -108 = -r + 2*u. Calculate the remainder when 6835 is divided by r.
85
Let m = -381 - -398. Suppose 0*a + a = -4*q + 6, -q - a = 0. Suppose j + 61 = q*n, 2*n + j - 4*j = 55. Calculate the remainder when n is divided by m.
15
Suppose 35 = -5*j, -4*l + 0*l - 2*j + 1082 = 0. Suppose -4*v + 102 = 2*k - 0*k, 4*v = -5*k + 117. What is the remainder when l is divided by v?
21
Let g be (12/15)/((-4)/70). Let y(n) = -n**2 - 21*n - 11. Let f be y(g). Suppose 121 = 4*t - f. What is the remainder when t is divided by 27?
25
Let p(k) = 6*k - 6. Let c(m) = -5*m - 1. Let l be c(-1). Suppose 0 = -124*s + 60*s + 58*s + 426. What is the remainder when s is divided by p(l)?
17
Suppose 11*a - 17*a = -24. Suppose 4*z - g = -104, 0*g + 97 = -3*z - a*g. What is the remainder when (9/z)/(1 - (-1884)/(-1881)) is divided by 42?
41
Let v = -16177 - -16361. Calculate the remainder when 568 is divided by v.
16
Suppose -352 - 5648 = -12*h. Suppose -4*s + h + 388 = -5*p, p + 221 = s. Calculate the remainder when s is divided by 44.
41
Suppose -4*t = -2*f + 8, -777*f + 51 = -773*f - 3*t. Calculate the remainder when -1 - (1 + 1) - -71 is divided by f.
14
Suppose -1284 = -5*a - u, 3*a + 4*u = 6*u + 760. What is the remainder when a is divided by 10?
6
Suppose 5*n - 861 = -l, 12*n + 4452 = 5*l + 16*n. Calculate the remainder when l is divided by 219.
20
Let t = 277 + -294. Let d = t + 37. What is the remainder when 78 is divided by d?
18
Suppose 3*b + 155 = 4*m - 306, 3*m + 2*b = 350. Suppose 125*l = m*l + 1098. Calculate the remainder when l is divided by 64.
58
Let s(w) = 71*w**2 - 42*w - 101. Calculate the remainder when s(-3) is divided by 130.
14
Let y(d) = 2*d - 2. Let h be y(7). Suppose 4*c - r = 2*r + 21, 4*r + h = 0. Suppose -c*k - 103 = -328. What is the remainder when k is divided by 20?
15
Suppose o = -0 + 14. Let k = 88 + -81. Suppose -k*f + o = -147. What is the remainder when f is divided by 13?
10
Let k = -45243 - -45551. What is the remaind